11, 61
Suppose 4318 = 8*p - 610. Let z = -39 + 419. Let o = p - z. What are the prime factors of o?
2, 59
Let v be 0/(3/(6/(-4))). Suppose -4*f + 4 = -v, 3*q = 2*f + 121. What are the prime factors of q?
41
Let b be 0/(((-46)/115)/((-1)/5)). List the prime factors of -42 - -42 - (b - 362).
2, 181
Let c(g) = 2934*g + 126. List the prime factors of c(2).
2, 3, 37
What are the prime factors of 12/(-10) + ((-7719624)/(-60))/27?
2, 3, 397
Suppose 5*k = -g + 5652, 0*g + 3388 = 3*k - g. Let b = k - 803. What are the prime factors of b?
3, 109
Let b(f) = 444*f - 57. List the prime factors of b(11).
3, 1609
Let r be 0/(-2 - 15/(-3)). Let n be 12 + r + (2 - -2). Let v(h) = h**3 - 16*h**2 + 10*h - 20. What are the prime factors of v(n)?
2, 5, 7
Suppose 4*w + 10 - 54 = 0. Suppose w*l - 2778 = 3261. List the prime factors of l.
3, 61
Let o(c) = 284*c**3 + 4*c**2 + 2*c + 2. Let y be o(3). Suppose 16*a = -768 + y. List the prime factors of a.
2, 7, 31
Let u be 0/(-5 - (-4)/1). Let n be (-6 - u)/(2214/555 + -4). Suppose 24*w = 29*w - n. What are the prime factors of w?
3, 37
Suppose -h - 3*h = -600. Let j = 2411 - 2441. List the prime factors of 9620/h + 4/j.
2
Let i(a) = -a**3 - 8*a**2 - 8*a - 6. Let k be i(-7). Let m = 618 + -756. List the prime factors of 1/(-2*k/m).
3, 23
Suppose 57*c = -0*c + 316692. List the prime factors of c.
2, 3, 463
Let i(o) = 95*o + 736. List the prime factors of i(51).
5581
Suppose 83*k - 16 = 87*k, -5*u + 5*k + 6180 = 0. List the prime factors of u.
2, 7, 11
Let t(d) = -d**3 - 21*d**2 - 25*d - 27. Let a be t(-20). Let r = 62 + a. Let j = -74 + r. What are the prime factors of j?
61
Suppose 0 = -8*t + 4*t - 3924. Let o = t + 1533. List the prime factors of o.
2, 3, 23
List the prime factors of (-138)/((0 - 5299/(-13510)) + (-12)/30).
2, 23, 193
Let d = -180 - -180. Suppose d = -16*g + 5338 + 1254. List the prime factors of g.
2, 103
Let c be (-10)/4*36/(-30). Suppose -c*a - 17 = -5*h, 4*a + 3*h = 2*h + 8. List the prime factors of (-4)/a - (-52 + -3).
3, 17
Let g be 6412/10 + 7/105*12. Let s = -459 + g. What are the prime factors of s?
3, 61
Suppose t + 7419 = 5*p, -5*p + 7407 = 33*t - 31*t. What are the prime factors of p?
1483
Suppose 3*g - 27*j - 1745 = -31*j, -2*g = -3*j - 1135. List the prime factors of g.
5, 23
Let g = 131252 + -82289. List the prime factors of g.
3, 19, 859
Suppose 3*f - 8*f + 175 = 5*o, 85 = 3*f - o. Suppose 0 = -2*m + 5*z + 32, -z + f = -2*m + 3*m. Let i = 45 - m. What are the prime factors of i?
19
Let r(l) = 39*l**2 + 70*l + 1541. What are the prime factors of r(-29)?
2, 3, 5, 359
Suppose 2*u + j = 2033, j + 3000 = 5*u - 2072. Let n = -693 + u. What are the prime factors of n?
2, 7, 23
Let a be 2/(-3*2/48). Let c be (a + 20)/(2/5). Suppose 0 = -d - 4*z + c, 4*d + 0*z - 125 = z. List the prime factors of d.
2, 3, 5
Let l = 7904 + 7042. List the prime factors of l.
2, 3, 47, 53
Let f(v) = v**3 - 72*v**2 - 638*v - 185. What are the prime factors of f(85)?
2, 3, 5, 439
Suppose -u + u = -4*u. Let h(k) = 4*k + u*k**2 + 2*k**2 + 8*k - 6*k. What are the prime factors of h(6)?
2, 3
Let s(o) = -6*o - 21. Suppose -2*v + 5*v + 30 = 0. Let r be s(v). Let g = r - 24. What are the prime factors of g?
3, 5
Let o = 434 - -2033. What are the prime factors of o?
2467
Suppose 0 = -2*t - x + 20559, -28*t + 25*t + 30838 = 2*x. What are the prime factors of t?
2, 5, 257
Let y(j) = 338*j - 2220. List the prime factors of y(55).
2, 5, 1637
Suppose -2*t + 6*s + 15824 = 8*s, 2*s - 39578 = -5*t. What are the prime factors of t?
2, 37, 107
What are the prime factors of (375/6 + 6)/((-1)/(-162))?
3, 137
Suppose 3*q - 45 = -4*g - 2*q, g = -4*q + 25. Suppose -s - 95 = -r, -2*r + 77 = -r + g*s. List the prime factors of r.
2, 23
Let k be 20/140 + ((-3442)/(-14))/1. Let a = k - 163. List the prime factors of a.
83
Let m = 13765 + -4503. List the prime factors of m.
2, 11, 421
Let t = 326 + -320. What are the prime factors of 4818/t + -2 + (2 - 1)?
2, 401
Let v(b) = b**3 + 2*b**2 + b + 1. Let x be v(-4). Let q = 173 - 173. List the prime factors of (-7 + 3 + q)*x/2.
2, 5, 7
Let b be 4 + (-902)/6 + 14/(-21). Let z = b + 193. What are the prime factors of z?
2, 23
Suppose -59*z - 27*z + 46870 = 0. What are the prime factors of z?
5, 109
Let j(a) = a + 9. Let s be j(7). Let t(m) be the first derivative of m**4/4 - 5*m**3 - 15*m**2/2 - 5*m + 3. What are the prime factors of t(s)?
11
Suppose 5*d = n + 377 + 1071, 6 = 3*n. What are the prime factors of d?
2, 5, 29
Let b = 1448 + -981. Let d = b + -99. Suppose 5*t + 98 = d. List the prime factors of t.
2, 3
Let k be (-10)/20*(-1068)/2. Let f = -229 + k. List the prime factors of f.
2, 19
Let q = -753 - -746. Let h(b) = 7*b**3 + 64*b**2 - 6*b + 9. What are the prime factors of h(q)?
2, 3, 131
Let q(t) = -16*t**3 - 7*t**2 - 2*t + 21. Let o be q(-2). Let n = 1 - -1. Suppose 3*v - 105 - 248 = n*x, v - o = -3*x. List the prime factors of v.
7, 17
Suppose 0 = -5*z - 2*h - 31, z = 3*h - 32 + 19. Let g(n) = -n**3 - 5*n**2 + 3*n - 24. List the prime factors of g(z).
53
List the prime factors of (1 + (-400081)/(-33))*3.
2, 13, 1399
What are the prime factors of (4 - ((-1952)/24 - 0))*45?
2, 3, 5
Let u = -98320 - -173515. What are the prime factors of u?
3, 5, 557
Let w(j) = j**2 - 6*j + 5. Let s be w(3). List the prime factors of (s + (-35)/(-14))/(1/(-148)).
2, 3, 37
Suppose 5*p - 148 - 597 = 0. Suppose 20*s + 7*s - 594 = 0. Suppose f - p = -s. List the prime factors of f.
127
Let i(j) = j**3 - j**2 - 2*j + 1253. Let w be i(0). Suppose w = -7*n + 12*n + 4*k, n - 241 = -4*k. What are the prime factors of n?
11, 23
Let y = -2735 + 5638. Let u = y - 1886. What are the prime factors of u?
3, 113
Suppose -3*r + 4*r - 67 = 0. Suppose 0 = p + 3*k - 84 - r, 0 = -5*p + 3*k + 755. Let y = -5 + p. What are the prime factors of y?
2, 73
List the prime factors of ((-25206)/7)/(2024/(-2576) + 2/4).
3, 4201
Let d(v) = 17*v**2 + 106*v - 1429. List the prime factors of d(17).
2, 3, 881
What are the prime factors of 2/16*-4*-114891 + (-6)/(-12)?
2, 28723
List the prime factors of 180/(-3330) - 377180/(-37).
2, 3, 1699
Let f(m) be the first derivative of m**4/4 - 5*m**3/3 + 4*m**2 - 14*m - 50. What are the prime factors of f(4)?
2
Let n = 11571 - 6580. List the prime factors of n.
7, 23, 31
What are the prime factors of (1/3 + 8/(312/18785))*8?
2, 241
List the prime factors of (-1098)/(119/(-174) + (-386)/(-579)).
2, 3, 29, 61
Let j = -34690 + 63573. List the prime factors of j.
17, 1699
List the prime factors of (-1*1)/(402/(-3456798)).
8599
Let p = -2357 - -3311. Suppose -p = -9*v + 6975. What are the prime factors of v?
881
Suppose 0 = 5*q - 17 + 2, -o + 5*q = 20. Let f(x) be the third derivative of -37*x**4/24 + 3*x**3 - 12*x**2. List the prime factors of f(o).
7, 29
Suppose -35*v + 1633051 - 132427 = 33*v. What are the prime factors of v?
2, 3, 613
Let r(c) = 2*c**2 + c + 13. Let g be 16/3 + -1 + (-26)/(-39). Suppose -3*h - 14 = i, -4*i + 2 - 16 = g*h. What are the prime factors of r(h)?
79
Suppose -95*a + 96*a = -16. Let c(z) = z**3 + 18*z**2 + 8*z - 3. What are the prime factors of c(a)?
3, 127
What are the prime factors of ((-2)/24 + (-426175)/60)/(-1)?
7103
Suppose 0 = -4*m + 5*w + 25686, -11*w - 32169 = -5*m - 15*w. What are the prime factors of m?
3, 2143
Let r = 55232 - 33304. List the prime factors of r.
2, 2741
Suppose 42*a = 9*a + 13*a + 591340. What are the prime factors of a?
29567
Suppose -10*f - 4*q - 74370 = -13*f, 0 = f + 2*q - 24800. List the prime factors of f.
2, 7, 11, 23
Let b(p) = p**3 - 5*p**2 - 13*p + 9. Let j be b(9). Let v(a) = -2*a**2 - 26*a - 3. Let t be v(-10). Let o = j - t. List the prime factors of o.
3, 53
Suppose -4*n + 577 = -367. Let v be (-12)/(-20) + (-6)/(-15). Let t = n + v. List the prime factors of t.
3, 79
What are the prime factors of 214414/10 + -6 + (-3)/(-5)?
2, 23, 233
Suppose -3*h - c = -71399, 2*c + 13560 = -3*h + 84958. List the prime factors of h.
2, 5, 7, 17
Let h be -2 + 3 + 7/7. Let k be (32/(-1))/(h/(6 + 2)). Let f = -55 - k. List the prime factors of f.
73
Let j = 161 + -155. Suppose -j*b + 9 + 39 = 0. What are the prime factors of b?
2
Let n be ((-110)/(-33))/(((-24)/225)/(-4)). What are the prime factors of (-2)/(30/n)*-66?
2, 5, 11
Let t = -7838 + 1722